{"id":496,"date":"2025-10-13T09:30:55","date_gmt":"2025-10-13T09:30:55","guid":{"rendered":"https:\/\/arkdatasocimi.lopezespadafor.com\/products\/"},"modified":"2025-10-13T19:28:17","modified_gmt":"2025-10-13T19:28:17","slug":"products","status":"publish","type":"page","link":"https:\/\/arkdatasocimi.lopezespadafor.com\/?page_id=496","title":{"rendered":"Productos"},"content":{"rendered":"\n<div class=\"wp-block-uagb-container uagb-block-61b7f5e0 alignfull uagb-is-root-container\"><div class=\"uagb-container-inner-blocks-wrap\">\n<div class=\"wp-block-uagb-advanced-heading uagb-block-8114b16d\"><h1 class=\"uagb-heading-text\">Productos<\/h1><\/div>\n<\/div><\/div>\n\n\n\n<div class=\"wp-block-uagb-container uagb-layout-grid uagb-block-489a6aba alignfull uagb-is-root-container\"><div class=\"uagb-container-inner-blocks-wrap\">\n<div class=\"wp-block-uagb-info-box uagb-block-6c5ef147 uagb-infobox__content-wrap  uagb-infobox-icon-above-title uagb-infobox-image-valign-top\"><div class=\"uagb-ifb-content\"><div class=\"uagb-ifb-title-wrap\"><h5 class=\"uagb-ifb-title-prefix\">Soluciones optimizadas y preparadas para la industria<\/h5><h2 class=\"uagb-ifb-title\">Para todas sus necesidades tecnol\u00f3gicas<\/h2><\/div><p class=\"uagb-ifb-desc\">En ARKDATA SOCIMI desarrollamos soluciones de infraestructura digital de \u00faltima generaci\u00f3n, dise\u00f1adas para responder a los retos m\u00e1s exigentes del sector tecnol\u00f3gico e industrial. Nuestro centro de datos en Granada ofrecer\u00e1 servicios de colocaci\u00f3n, cloud h\u00edbrida y conectividad de alta capacidad, garantizando rendimiento, seguridad y sostenibilidad a gran escala.<br><br>Nuestra infraestructura combina eficiencia energ\u00e9tica, redundancia avanzada y energ\u00edas 100 % renovables, integrando sistemas inteligentes de refrigeraci\u00f3n y control. Todo ello para asegurar la m\u00e1xima disponibilidad, el cumplimiento normativo y una huella ambiental m\u00ednima, alineada con los est\u00e1ndares europeos de sostenibilidad digital.<\/p><\/div><\/div>\n\n\n\n<div class=\"wp-block-uagb-image uagb-block-964a3df0 wp-block-uagb-image--layout-default wp-block-uagb-image--effect-static wp-block-uagb-image--align-none\"><figure class=\"wp-block-uagb-image__figure\"><img decoding=\"async\" srcset=\"https:\/\/arkdatasocimi.lopezespadafor.com\/wp-content\/uploads\/2025\/10\/shutterstock_1394035085-1-1-1024x576.jpg ,https:\/\/arkdatasocimi.lopezespadafor.com\/wp-content\/uploads\/2025\/10\/shutterstock_1394035085-1-1-scaled.jpg 780w, https:\/\/arkdatasocimi.lopezespadafor.com\/wp-content\/uploads\/2025\/10\/shutterstock_1394035085-1-1-scaled.jpg 360w\" sizes=\"auto, (max-width: 480px) 150px\" src=\"https:\/\/arkdatasocimi.lopezespadafor.com\/wp-content\/uploads\/2025\/10\/shutterstock_1394035085-1-1-1024x576.jpg\" alt=\"in,the,modern,data,center:,it,technician,working,with,server\" class=\"uag-image-1316\" width=\"285\" height=\"475\" title=\"in,the,modern,data,center:,it,technician,working,with,server\" loading=\"lazy\" role=\"img\"\/><\/figure><\/div>\n\n\n\n<div class=\"wp-block-uagb-image uagb-block-a8629531 wp-block-uagb-image--layout-default wp-block-uagb-image--effect-static wp-block-uagb-image--align-none\"><figure class=\"wp-block-uagb-image__figure\"><img decoding=\"async\" srcset=\"https:\/\/arkdatasocimi.lopezespadafor.com\/wp-content\/uploads\/2025\/10\/centro-de-datos-en-madrid-1024x710.jpg ,https:\/\/arkdatasocimi.lopezespadafor.com\/wp-content\/uploads\/2025\/10\/centro-de-datos-en-madrid.jpg 780w, https:\/\/arkdatasocimi.lopezespadafor.com\/wp-content\/uploads\/2025\/10\/centro-de-datos-en-madrid.jpg 360w\" sizes=\"auto, (max-width: 480px) 150px\" src=\"https:\/\/arkdatasocimi.lopezespadafor.com\/wp-content\/uploads\/2025\/10\/centro-de-datos-en-madrid-1024x710.jpg\" alt=\"centro de datos en madrid\" class=\"uag-image-1317\" width=\"284\" height=\"477\" title=\"centro de datos en madrid\" loading=\"lazy\" role=\"img\"\/><\/figure><\/div>\n<\/div><\/div>\n\n\n\n<div class=\"wp-block-uagb-container uagb-block-485602c2 alignfull uagb-is-root-container\"><div class=\"uagb-container-inner-blocks-wrap\">\n<div class=\"wp-block-uagb-info-box uagb-block-27605b80 uagb-infobox__content-wrap  uagb-infobox-icon-above-title uagb-infobox-image-valign-top\"><div class=\"uagb-ifb-content\"><div class=\"uagb-ifb-title-wrap\"><h5 class=\"uagb-ifb-title-prefix\">Nuestras Innovaciones<\/h5><h2 class=\"uagb-ifb-title\"><strong>Productos dise\u00f1ados para la industria del futuro<\/strong><\/h2><\/div><\/div><\/div>\n<\/div><\/div>\n\n\n\n<div class=\"wp-block-uagb-container uagb-layout-grid uagb-block-a754b6db alignfull uagb-is-root-container\"><div class=\"uagb-container-inner-blocks-wrap\">\n<div class=\"wp-block-uagb-info-box uagb-block-7e6477fa uagb-infobox__content-wrap  uagb-infobox-icon-above-title uagb-infobox-image-valign-top\"><div class=\"uagb-ifb-content\"><div class=\"uagb-ifb-title-wrap\"><div class=\"uagb-ifb-separator\"><\/div><h4 class=\"uagb-ifb-title\">Nodo de Interconexi\u00f3n Transatl\u00e1ntica<\/h4><\/div><p class=\"uagb-ifb-desc\">Ubicado estrat\u00e9gicamente en Granada, ARKDATA se convertir\u00e1 en un punto clave de conexi\u00f3n entre los cables submarinos que enlazan Am\u00e9rica y Europa, garantizando baja latencia y conectividad directa con los principales hubs tecnol\u00f3gicos internacionales. Esta posici\u00f3n convierte nuestro centro en un enlace esencial para el tr\u00e1fico global de datos.<\/p><\/div><\/div>\n\n\n\n<div class=\"wp-block-uagb-info-box uagb-block-8f76c366 uagb-infobox__content-wrap  uagb-infobox-icon-above-title uagb-infobox-image-valign-top\"><div class=\"uagb-ifb-content\"><div class=\"uagb-ifb-title-wrap\"><div class=\"uagb-ifb-separator\"><\/div><h4 class=\"uagb-ifb-title\">Infraestructura Energ\u00e9tica 100 % Renovable<\/h4><\/div><p class=\"uagb-ifb-desc\">Nuestro data center operar\u00e1 con energ\u00eda solar, e\u00f3lica e hidr\u00e1ulica de origen local, asegurando una huella de carbono neutra y cumpliendo los m\u00e1s altos est\u00e1ndares ESG. Gracias a sistemas de eficiencia avanzada, lograremos un PUE inferior a 1.2, situ\u00e1ndonos entre los m\u00e1s sostenibles de Europa.<\/p><\/div><\/div>\n\n\n\n<div class=\"wp-block-uagb-info-box uagb-block-165c4ed6 uagb-infobox__content-wrap  uagb-infobox-icon-above-title uagb-infobox-image-valign-top wp-block-uagb-info-box--has-margin\"><div class=\"uagb-infobox-margin-wrapper\"><div class=\"uagb-ifb-content\"><div class=\"uagb-ifb-title-wrap\"><div class=\"uagb-ifb-separator\"><\/div><h4 class=\"uagb-ifb-title\">Arquitectura Modular y Escalable<\/h4><\/div><p class=\"uagb-ifb-desc\">El dise\u00f1o de ARKDATA permite ampliar capacidad sin interrupciones, adapt\u00e1ndose al crecimiento de la demanda tecnol\u00f3gica. Cada m\u00f3dulo combina refrigeraci\u00f3n l\u00edquida, seguridad avanzada y redundancia el\u00e9ctrica, ofreciendo una infraestructura preparada para entornos hyperscale y cloud h\u00edbrido.<\/p><\/div><\/div><\/div>\n\n\n\n<div class=\"wp-block-uagb-info-box uagb-block-95ee04dd uagb-infobox__content-wrap  uagb-infobox-icon-above-title uagb-infobox-image-valign-top\"><div class=\"uagb-ifb-content\"><div class=\"uagb-ifb-title-wrap\"><div class=\"uagb-ifb-separator\"><\/div><h4 class=\"uagb-ifb-title\">Centro de Ciberseguridad y Operaciones 24\/7<\/h4><\/div><p class=\"uagb-ifb-desc\">Incorporamos un Security &amp; Operations Center con supervisi\u00f3n continua, detecci\u00f3n de amenazas en tiempo real y cumplimiento de certificaciones ISO 27001, ENS y GDPR. Esta capa de protecci\u00f3n ofrece a nuestros clientes m\u00e1xima fiabilidad, soberan\u00eda del dato y resiliencia operativa.<\/p><\/div><\/div>\n<\/div><\/div>\n\n\n\n<div class=\"wp-block-uagb-container uagb-layout-flex uagb-block-af5df69f alignfull uagb-is-root-container\"><div class=\"uagb-container-inner-blocks-wrap\">\n<div class=\"wp-block-uagb-call-to-action uagb-block-d83192c0 wp-block-button\"><div class=\"uagb-cta__wrap\"><h3 class=\"uagb-cta__title\">Soluciones inteligentes para un mundo conectado.<\/h3><p class=\"uagb-cta__desc\">Click here to change this text. Lorem ipsum dolor sit amet, consectetur adipiscing elit. Ut elit tellus, luctus nec ullamcorper mattis, pulvinar dapibus leo.<\/p><\/div><div class=\"uagb-cta__buttons\"><a href=\"#\" class=\"uagb-cta__button-link-wrapper wp-block-button__link\" target=\"_self\" rel=\"noopener noreferrer\">M\u00e1s informaci\u00f3n<\/a><\/div><\/div>\n<\/div><\/div>\n\n\n\n<p><\/p>\n","protected":false},"excerpt":{"rendered":"<p>Productos<\/p>\n","protected":false},"author":1,"featured_media":0,"parent":0,"menu_order":0,"comment_status":"closed","ping_status":"closed","template":"","meta":{"om_disable_all_campaigns":false,"_uag_custom_page_level_css":"","site-sidebar-layout":"no-sidebar","site-content-layout":"plain-container","ast-site-content-layout":"normal-width-container","site-content-style":"unboxed","site-sidebar-style":"unboxed","ast-global-header-display":"","ast-banner-title-visibility":"","ast-main-header-display":"","ast-hfb-above-header-display":"","ast-hfb-below-header-display":"","ast-hfb-mobile-header-display":"","site-post-title":"disabled","ast-breadcrumbs-content":"","ast-featured-img":"disabled","footer-sml-layout":"","theme-transparent-header-meta":"enabled","adv-header-id-meta":"","stick-header-meta":"","header-above-stick-meta":"","header-main-stick-meta":"","header-below-stick-meta":"","astra-migrate-meta-layouts":"set","ast-page-background-enabled":"default","ast-page-background-meta":{"desktop":{"background-color":"","background-image":"","background-repeat":"repeat","background-position":"center center","background-size":"auto","background-attachment":"scroll","background-type":"","background-media":"","overlay-type":"","overlay-color":"","overlay-opacity":"","overlay-gradient":""},"tablet":{"background-color":"","background-image":"","background-repeat":"repeat","background-position":"center center","background-size":"auto","background-attachment":"scroll","background-type":"","background-media":"","overlay-type":"","overlay-color":"","overlay-opacity":"","overlay-gradient":""},"mobile":{"background-color":"","background-image":"","background-repeat":"repeat","background-position":"center center","background-size":"auto","background-attachment":"scroll","background-type":"","background-media":"","overlay-type":"","overlay-color":"","overlay-opacity":"","overlay-gradient":""}},"ast-content-background-meta":{"desktop":{"background-color":"var(--ast-global-color-5)","background-image":"","background-repeat":"repeat","background-position":"center center","background-size":"auto","background-attachment":"scroll","background-type":"","background-media":"","overlay-type":"","overlay-color":"","overlay-opacity":"","overlay-gradient":""},"tablet":{"background-color":"var(--ast-global-color-5)","background-image":"","background-repeat":"repeat","background-position":"center center","background-size":"auto","background-attachment":"scroll","background-type":"","background-media":"","overlay-type":"","overlay-color":"","overlay-opacity":"","overlay-gradient":""},"mobile":{"background-color":"var(--ast-global-color-5)","background-image":"","background-repeat":"repeat","background-position":"center center","background-size":"auto","background-attachment":"scroll","background-type":"","background-media":"","overlay-type":"","overlay-color":"","overlay-opacity":"","overlay-gradient":""}},"footnotes":""},"class_list":["post-496","page","type-page","status-publish","hentry"],"aioseo_notices":[],"yoast_head":"<!-- This site is optimized with the Yoast SEO plugin v26.1.1 - https:\/\/yoast.com\/wordpress\/plugins\/seo\/ -->\n<title>Productos - Data Center Granada<\/title>\n<meta name=\"robots\" content=\"index, follow, max-snippet:-1, max-image-preview:large, max-video-preview:-1\" \/>\n<link rel=\"canonical\" href=\"https:\/\/arkdatasocimi.lopezespadafor.com\/?page_id=496\" \/>\n<meta property=\"og:locale\" content=\"es_ES\" \/>\n<meta property=\"og:type\" content=\"article\" \/>\n<meta property=\"og:title\" content=\"Productos - Data Center Granada\" \/>\n<meta property=\"og:description\" content=\"Productos\" \/>\n<meta property=\"og:url\" content=\"https:\/\/arkdatasocimi.lopezespadafor.com\/?page_id=496\" \/>\n<meta property=\"og:site_name\" content=\"Data Center Granada\" \/>\n<meta property=\"article:modified_time\" content=\"2025-10-13T19:28:17+00:00\" \/>\n<meta property=\"og:image\" content=\"https:\/\/arkdatasocimi.lopezespadafor.com\/wp-content\/uploads\/2020\/09\/product.jpg\" \/>\n<meta name=\"twitter:card\" content=\"summary_large_image\" \/>\n<meta name=\"twitter:label1\" content=\"Tiempo de lectura\" \/>\n\t<meta name=\"twitter:data1\" content=\"2 minutos\" \/>\n<script type=\"application\/ld+json\" class=\"yoast-schema-graph\">{\"@context\":\"https:\/\/schema.org\",\"@graph\":[{\"@type\":\"WebPage\",\"@id\":\"https:\/\/arkdatasocimi.lopezespadafor.com\/?page_id=496\",\"url\":\"https:\/\/arkdatasocimi.lopezespadafor.com\/?page_id=496\",\"name\":\"Productos - Data Center Granada\",\"isPartOf\":{\"@id\":\"https:\/\/arkdatasocimi.lopezespadafor.com\/#website\"},\"primaryImageOfPage\":{\"@id\":\"https:\/\/arkdatasocimi.lopezespadafor.com\/?page_id=496#primaryimage\"},\"image\":{\"@id\":\"https:\/\/arkdatasocimi.lopezespadafor.com\/?page_id=496#primaryimage\"},\"thumbnailUrl\":\"https:\/\/arkdatasocimi.lopezespadafor.com\/wp-content\/uploads\/2025\/10\/shutterstock_1394035085-1-1-1024x576.jpg\",\"datePublished\":\"2025-10-13T09:30:55+00:00\",\"dateModified\":\"2025-10-13T19:28:17+00:00\",\"breadcrumb\":{\"@id\":\"https:\/\/arkdatasocimi.lopezespadafor.com\/?page_id=496#breadcrumb\"},\"inLanguage\":\"es\",\"potentialAction\":[{\"@type\":\"ReadAction\",\"target\":[\"https:\/\/arkdatasocimi.lopezespadafor.com\/?page_id=496\"]}]},{\"@type\":\"ImageObject\",\"inLanguage\":\"es\",\"@id\":\"https:\/\/arkdatasocimi.lopezespadafor.com\/?page_id=496#primaryimage\",\"url\":\"https:\/\/arkdatasocimi.lopezespadafor.com\/wp-content\/uploads\/2025\/10\/shutterstock_1394035085-1-1-scaled.jpg\",\"contentUrl\":\"https:\/\/arkdatasocimi.lopezespadafor.com\/wp-content\/uploads\/2025\/10\/shutterstock_1394035085-1-1-scaled.jpg\",\"width\":2560,\"height\":1440,\"caption\":\"in,the,modern,data,center:,it,technician,working,with,server\"},{\"@type\":\"BreadcrumbList\",\"@id\":\"https:\/\/arkdatasocimi.lopezespadafor.com\/?page_id=496#breadcrumb\",\"itemListElement\":[{\"@type\":\"ListItem\",\"position\":1,\"name\":\"Portada\",\"item\":\"https:\/\/arkdatasocimi.lopezespadafor.com\/\"},{\"@type\":\"ListItem\",\"position\":2,\"name\":\"Products\"}]},{\"@type\":\"WebSite\",\"@id\":\"https:\/\/arkdatasocimi.lopezespadafor.com\/#website\",\"url\":\"https:\/\/arkdatasocimi.lopezespadafor.com\/\",\"name\":\"Data Center Granada\",\"description\":\"ARKDATA SOCIMI \u2014 Infraestructura digital para el futuro de Espa\u00f1a. Inversi\u00f3n, desarrollo y gesti\u00f3n de centros de datos de \u00faltima generaci\u00f3n.\",\"publisher\":{\"@id\":\"https:\/\/arkdatasocimi.lopezespadafor.com\/#organization\"},\"potentialAction\":[{\"@type\":\"SearchAction\",\"target\":{\"@type\":\"EntryPoint\",\"urlTemplate\":\"https:\/\/arkdatasocimi.lopezespadafor.com\/?s={search_term_string}\"},\"query-input\":{\"@type\":\"PropertyValueSpecification\",\"valueRequired\":true,\"valueName\":\"search_term_string\"}}],\"inLanguage\":\"es\"},{\"@type\":\"Organization\",\"@id\":\"https:\/\/arkdatasocimi.lopezespadafor.com\/#organization\",\"name\":\"ARKDATA SOCIMI\",\"url\":\"https:\/\/arkdatasocimi.lopezespadafor.com\/\",\"logo\":{\"@type\":\"ImageObject\",\"inLanguage\":\"es\",\"@id\":\"https:\/\/arkdatasocimi.lopezespadafor.com\/#\/schema\/logo\/image\/\",\"url\":\"https:\/\/arkdatasocimi.lopezespadafor.com\/wp-content\/uploads\/2025\/10\/cropped-ChatGPT-Image-13-oct-2025-11_50_19-2.png\",\"contentUrl\":\"https:\/\/arkdatasocimi.lopezespadafor.com\/wp-content\/uploads\/2025\/10\/cropped-ChatGPT-Image-13-oct-2025-11_50_19-2.png\",\"width\":512,\"height\":512,\"caption\":\"ARKDATA SOCIMI\"},\"image\":{\"@id\":\"https:\/\/arkdatasocimi.lopezespadafor.com\/#\/schema\/logo\/image\/\"}}]}<\/script>\n<!-- \/ Yoast SEO plugin. -->","yoast_head_json":{"title":"Productos - Data Center Granada","robots":{"index":"index","follow":"follow","max-snippet":"max-snippet:-1","max-image-preview":"max-image-preview:large","max-video-preview":"max-video-preview:-1"},"canonical":"https:\/\/arkdatasocimi.lopezespadafor.com\/?page_id=496","og_locale":"es_ES","og_type":"article","og_title":"Productos - Data Center Granada","og_description":"Productos","og_url":"https:\/\/arkdatasocimi.lopezespadafor.com\/?page_id=496","og_site_name":"Data Center Granada","article_modified_time":"2025-10-13T19:28:17+00:00","og_image":[{"url":"https:\/\/arkdatasocimi.lopezespadafor.com\/wp-content\/uploads\/2020\/09\/product.jpg","type":"","width":"","height":""}],"twitter_card":"summary_large_image","twitter_misc":{"Tiempo de lectura":"2 minutos"},"schema":{"@context":"https:\/\/schema.org","@graph":[{"@type":"WebPage","@id":"https:\/\/arkdatasocimi.lopezespadafor.com\/?page_id=496","url":"https:\/\/arkdatasocimi.lopezespadafor.com\/?page_id=496","name":"Productos - Data Center Granada","isPartOf":{"@id":"https:\/\/arkdatasocimi.lopezespadafor.com\/#website"},"primaryImageOfPage":{"@id":"https:\/\/arkdatasocimi.lopezespadafor.com\/?page_id=496#primaryimage"},"image":{"@id":"https:\/\/arkdatasocimi.lopezespadafor.com\/?page_id=496#primaryimage"},"thumbnailUrl":"https:\/\/arkdatasocimi.lopezespadafor.com\/wp-content\/uploads\/2025\/10\/shutterstock_1394035085-1-1-1024x576.jpg","datePublished":"2025-10-13T09:30:55+00:00","dateModified":"2025-10-13T19:28:17+00:00","breadcrumb":{"@id":"https:\/\/arkdatasocimi.lopezespadafor.com\/?page_id=496#breadcrumb"},"inLanguage":"es","potentialAction":[{"@type":"ReadAction","target":["https:\/\/arkdatasocimi.lopezespadafor.com\/?page_id=496"]}]},{"@type":"ImageObject","inLanguage":"es","@id":"https:\/\/arkdatasocimi.lopezespadafor.com\/?page_id=496#primaryimage","url":"https:\/\/arkdatasocimi.lopezespadafor.com\/wp-content\/uploads\/2025\/10\/shutterstock_1394035085-1-1-scaled.jpg","contentUrl":"https:\/\/arkdatasocimi.lopezespadafor.com\/wp-content\/uploads\/2025\/10\/shutterstock_1394035085-1-1-scaled.jpg","width":2560,"height":1440,"caption":"in,the,modern,data,center:,it,technician,working,with,server"},{"@type":"BreadcrumbList","@id":"https:\/\/arkdatasocimi.lopezespadafor.com\/?page_id=496#breadcrumb","itemListElement":[{"@type":"ListItem","position":1,"name":"Portada","item":"https:\/\/arkdatasocimi.lopezespadafor.com\/"},{"@type":"ListItem","position":2,"name":"Products"}]},{"@type":"WebSite","@id":"https:\/\/arkdatasocimi.lopezespadafor.com\/#website","url":"https:\/\/arkdatasocimi.lopezespadafor.com\/","name":"Data Center Granada","description":"ARKDATA SOCIMI \u2014 Infraestructura digital para el futuro de Espa\u00f1a. Inversi\u00f3n, desarrollo y gesti\u00f3n de centros de datos de \u00faltima generaci\u00f3n.","publisher":{"@id":"https:\/\/arkdatasocimi.lopezespadafor.com\/#organization"},"potentialAction":[{"@type":"SearchAction","target":{"@type":"EntryPoint","urlTemplate":"https:\/\/arkdatasocimi.lopezespadafor.com\/?s={search_term_string}"},"query-input":{"@type":"PropertyValueSpecification","valueRequired":true,"valueName":"search_term_string"}}],"inLanguage":"es"},{"@type":"Organization","@id":"https:\/\/arkdatasocimi.lopezespadafor.com\/#organization","name":"ARKDATA SOCIMI","url":"https:\/\/arkdatasocimi.lopezespadafor.com\/","logo":{"@type":"ImageObject","inLanguage":"es","@id":"https:\/\/arkdatasocimi.lopezespadafor.com\/#\/schema\/logo\/image\/","url":"https:\/\/arkdatasocimi.lopezespadafor.com\/wp-content\/uploads\/2025\/10\/cropped-ChatGPT-Image-13-oct-2025-11_50_19-2.png","contentUrl":"https:\/\/arkdatasocimi.lopezespadafor.com\/wp-content\/uploads\/2025\/10\/cropped-ChatGPT-Image-13-oct-2025-11_50_19-2.png","width":512,"height":512,"caption":"ARKDATA SOCIMI"},"image":{"@id":"https:\/\/arkdatasocimi.lopezespadafor.com\/#\/schema\/logo\/image\/"}}]}},"_hostinger_reach_plugin_has_subscription_block":false,"_hostinger_reach_plugin_is_elementor":false,"uagb_featured_image_src":{"full":false,"thumbnail":false,"medium":false,"medium_large":false,"large":false,"1536x1536":false,"2048x2048":false},"uagb_author_info":{"display_name":"lopezespadaforasociados@gmail.com","author_link":"https:\/\/arkdatasocimi.lopezespadafor.com\/?author=1"},"uagb_comment_info":0,"uagb_excerpt":"Productos","_links":{"self":[{"href":"https:\/\/arkdatasocimi.lopezespadafor.com\/index.php?rest_route=\/wp\/v2\/pages\/496","targetHints":{"allow":["GET"]}}],"collection":[{"href":"https:\/\/arkdatasocimi.lopezespadafor.com\/index.php?rest_route=\/wp\/v2\/pages"}],"about":[{"href":"https:\/\/arkdatasocimi.lopezespadafor.com\/index.php?rest_route=\/wp\/v2\/types\/page"}],"author":[{"embeddable":true,"href":"https:\/\/arkdatasocimi.lopezespadafor.com\/index.php?rest_route=\/wp\/v2\/users\/1"}],"replies":[{"embeddable":true,"href":"https:\/\/arkdatasocimi.lopezespadafor.com\/index.php?rest_route=%2Fwp%2Fv2%2Fcomments&post=496"}],"version-history":[{"count":5,"href":"https:\/\/arkdatasocimi.lopezespadafor.com\/index.php?rest_route=\/wp\/v2\/pages\/496\/revisions"}],"predecessor-version":[{"id":1318,"href":"https:\/\/arkdatasocimi.lopezespadafor.com\/index.php?rest_route=\/wp\/v2\/pages\/496\/revisions\/1318"}],"wp:attachment":[{"href":"https:\/\/arkdatasocimi.lopezespadafor.com\/index.php?rest_route=%2Fwp%2Fv2%2Fmedia&parent=496"}],"curies":[{"name":"wp","href":"https:\/\/api.w.org\/{rel}","templated":true}]}}